{"id":421,"date":"2012-09-18T19:36:26","date_gmt":"2012-09-18T19:36:26","guid":{"rendered":"http:\/\/www.camara-sl.org.ar\/website\/?post_type=asociado&#038;p=421"},"modified":"2023-09-14T11:47:24","modified_gmt":"2023-09-14T14:47:24","slug":"vicentin-s-a-i-c","status":"publish","type":"asociado","link":"https:\/\/www.camara-sl.org.ar\/website\/asociado\/vicentin-s-a-i-c\/","title":{"rendered":"VICENTIN"},"content":{"rendered":"<p><strong>Direcci\u00f3n:<\/strong> Calle 11 y Scapigliatti \/ Ruta A012 Km 64- San lorenzo<\/p>\n<p><strong>C\u00f3digo Postal:<\/strong> 2200<\/p>\n<p><strong>Tel\u00e9fono:<\/strong> 423930 \/ 424899 \/ 22612<\/p>\n<p><strong>Productos y Servicios Ofrecidos:<\/strong> Aceites. Subproductos. Agroqu\u00edmicos. Cereales. Desmotadoras de algod\u00f3n. Hilander\u00eda. Tejedur\u00eda<\/p>\n<p><strong>Pagina Web:<\/strong>\u00a0<a href=\"http:\/\/www.vicentin.com.ar\/\" target=\"_blank\" rel=\"noopener\">www.vicentin.com.ar<\/a><\/p>\n","protected":false},"featured_media":422,"template":"","meta":{"_monsterinsights_skip_tracking":false,"_monsterinsights_sitenote_active":false,"_monsterinsights_sitenote_note":"","_monsterinsights_sitenote_category":0,"site-sidebar-layout":"default","site-content-layout":"","ast-site-content-layout":"default","site-content-style":"default","site-sidebar-style":"default","ast-global-header-display":"","ast-banner-title-visibility":"","ast-main-header-display":"","ast-hfb-above-header-display":"","ast-hfb-below-header-display":"","ast-hfb-mobile-header-display":"","site-post-title":"","ast-breadcrumbs-content":"","ast-featured-img":"","footer-sml-layout":"","ast-disable-related-posts":"","theme-transparent-header-meta":"","adv-header-id-meta":"","stick-header-meta":"","header-above-stick-meta":"","header-main-stick-meta":"","header-below-stick-meta":"","astra-migrate-meta-layouts":"default","ast-page-background-enabled":"default","ast-page-background-meta":{"desktop":{"background-color":"var(--ast-global-color-5)","background-image":"","background-repeat":"repeat","background-position":"center center","background-size":"auto","background-attachment":"scroll","background-type":"","background-media":"","overlay-type":"","overlay-color":"","overlay-opacity":"","overlay-gradient":""},"tablet":{"background-color":"","background-image":"","background-repeat":"repeat","background-position":"center center","background-size":"auto","background-attachment":"scroll","background-type":"","background-media":"","overlay-type":"","overlay-color":"","overlay-opacity":"","overlay-gradient":""},"mobile":{"background-color":"","background-image":"","background-repeat":"repeat","background-position":"center center","background-size":"auto","background-attachment":"scroll","background-type":"","background-media":"","overlay-type":"","overlay-color":"","overlay-opacity":"","overlay-gradient":""}},"ast-content-background-meta":{"desktop":{"background-color":"var(--ast-global-color-4)","background-image":"","background-repeat":"repeat","background-position":"center center","background-size":"auto","background-attachment":"scroll","background-type":"","background-media":"","overlay-type":"","overlay-color":"","overlay-opacity":"","overlay-gradient":""},"tablet":{"background-color":"var(--ast-global-color-4)","background-image":"","background-repeat":"repeat","background-position":"center center","background-size":"auto","background-attachment":"scroll","background-type":"","background-media":"","overlay-type":"","overlay-color":"","overlay-opacity":"","overlay-gradient":""},"mobile":{"background-color":"var(--ast-global-color-4)","background-image":"","background-repeat":"repeat","background-position":"center center","background-size":"auto","background-attachment":"scroll","background-type":"","background-media":"","overlay-type":"","overlay-color":"","overlay-opacity":"","overlay-gradient":""}}},"categoriaasociado":[],"class_list":["post-421","asociado","type-asociado","status-publish","has-post-thumbnail","hentry"],"aioseo_notices":[],"_links":{"self":[{"href":"https:\/\/www.camara-sl.org.ar\/website\/wp-json\/wp\/v2\/asociado\/421","targetHints":{"allow":["GET"]}}],"collection":[{"href":"https:\/\/www.camara-sl.org.ar\/website\/wp-json\/wp\/v2\/asociado"}],"about":[{"href":"https:\/\/www.camara-sl.org.ar\/website\/wp-json\/wp\/v2\/types\/asociado"}],"wp:featuredmedia":[{"embeddable":true,"href":"https:\/\/www.camara-sl.org.ar\/website\/wp-json\/wp\/v2\/media\/422"}],"wp:attachment":[{"href":"https:\/\/www.camara-sl.org.ar\/website\/wp-json\/wp\/v2\/media?parent=421"}],"wp:term":[{"taxonomy":"categoriaasociado","embeddable":true,"href":"https:\/\/www.camara-sl.org.ar\/website\/wp-json\/wp\/v2\/categoriaasociado?post=421"}],"curies":[{"name":"wp","href":"https:\/\/api.w.org\/{rel}","templated":true}]}}

<p><strong>Dirección:</strong> Calle 11 y Scapigliatti / Ruta A012 Km 64- San lorenzo</p>
<p><strong>Código Postal:</strong> 2200</p>
<p><strong>Teléfono:</strong> 423930 / 424899 / 22612</p>
<p><strong>Productos y Servicios Ofrecidos:</strong> Aceites. Subproductos. Agroquímicos. Cereales. Desmotadoras de algodón. Hilandería. Tejeduría</p>
<p><strong>Pagina Web:</strong> <a href="http://www.vicentin.com.ar/" target="_blank" rel="noopener">www.vicentin.com.ar</a></p>
